0/((-8)/20*-5) + 23?
19
Let c be 1*18/(-21)*-49. Suppose 2*h + 0*f = -f + 38, 5*f = -2*h + 38. Let r = c - h. What is the remainder when r is divided by 8?
7
Let m be -2 - -3*1 - -1. Suppose 0 = w + 3*z - m*z - 6, -z + 14 = 2*w. Let b(g) = g - 4. Calculate the remainder when 11 is divided by b(w).
3
Suppose 125 = 4*p + 3*w - 16, -126 = -4*p + 2*w. Suppose 0 = b + 2*b - p. Let c = -2 + b. What is the remainder when 25 is divided by c?
7
Let s = -33 + 62. Let g = -55 - -130. Suppose 2*y = -2*y - 3*x + g, 5*x - 85 = -4*y. What is the remainder when s is divided by y?
14
Let k(s) = 3*s**3 + 2*s**2 - 3*s + 3. What is the remainder when k(2) is divided by 15?
14
Suppose -3*z + 10 = d, 3*z - 3*d + 2*d = 2. Suppose -5 = -0*y + 5*y, z*y - 638 = -5*o. Suppose p - 5*p = -o. Calculate the remainder when p is divided by 17.
15
Let z = 4 - 0. Suppose 3*v - 5*v + 8 = b, -16 = -z*v + 2*b. Suppose -2*i = -3*r + 13, -v*i + 9*i - 41 = -3*r. Calculate the remainder when 13 is divided by r.
6
Calculate the remainder when 16 is divided by 3 + 1 - (-11 + 9).
4
Suppose d - 13 = -s + 5*d, -2*d + 26 = 2*s. What is the remainder when 50 is divided by s?
11
Calculate the remainder when 34 is divided by -1 + (8 - (1 - 3)).
7
Calculate the remainder when 12 is divided by (20/6)/((-26)/(-39)).
2
Suppose 0 = -3*y + 3*k + 216, -4*y - 3*k + 0*k = -288. Let p = -41 + y. Suppose 0*a - 16 = -a. Calculate the remainder when p is divided by a.
15
Let g = -2 + 37. Let l(w) = w**2 + 4*w - 3. Let d be l(-5). Suppose t - 36 = -d*t. What is the remainder when g is divided by t?
11
Let r(f) = 8*f - 11. Calculate the remainder when r(6) is divided by 10.
7
Let p(r) = -r**2 - 2*r + 4. Let d be p(3). Let c = -7 - d. Suppose 0*j - 24 = -c*j. Calculate the remainder when 17 is divided by j.
5
Suppose 7*c = 4*c + 45. What is the remainder when 28 is divided by c?
13
Let w(n) = n**3 + 7*n**2 + n + 10. Let u = -17 + 10. What is the remainder when 10 is divided by w(u)?
1
Suppose k + 55 = 5*n - 59, -3*n = -4*k - 65. Let j = n + -2. What is the remainder when j is divided by 11?
10
Let s be 6*2/4 - 31. Calculate the remainder when 28 is divided by ((-35)/s)/((-1)/(-8)).
8
What is the remainder when 76 is divided by (-2)/(-4)*(27 - (0 - -1))?
11
Let r(y) = y**2 - 6*y + 2. Let s(i) = -6*i**3 + i**2 + i. Let g be s(-1). Let k be r(g). What is the remainder when 3 + -2 + k - -1 is divided by 2?
0
Suppose 0 = 4*g + 4*b - 204, -5*g = -5*b - 260 - 25. What is the remainder when g is divided by 11?
10
Let m be (-92)/10 + 1/5. Let j = m + 42. Calculate the remainder when j is divided by 18.
15
Let i(o) = o**2 - 12*o + 16. Calculate the remainder when 22 is divided by i(11).
2
Let n be ((-12)/(-15))/(26/65). Let j be (-1 - -2)*(14 + 0). Let z = n + j. What is the remainder when 63 is divided by z?
15
Suppose -n + 0*n = -2. Suppose n*a - a + 57 = 3*r, 3*r + 5*a = 75. Calculate the remainder when 78 is divided by r.
18
Suppose -5*c - p + 105 = 14, -4*c = -2*p - 84. What is the remainder when 2/7 + (-257)/(-7) is divided by c?
18
Suppose -j + 3*f + 15 = 2*j, -j + 4*f + 2 = 0. Suppose 13 = -c - z + 32, c - z - 25 = 0. What is the remainder when c is divided by j?
4
Suppose 0 = 7*t - 6*t - 11. Calculate the remainder when t is divided by 3.
2
Let v(n) = -6*n + 15. Let o(q) = -9*q + 23. Let p(g) = -5*o(g) + 7*v(g). Calculate the remainder when p(8) is divided by 5.
4
Let x = 6 + -2. Let b = -1 + 1. Let k = b + x. What is the remainder when k is divided by 3?
1
Suppose -7*j + 3*j = 0. Suppose r - 5*i - 32 = j, 6*i + 40 = 2*r + 2*i. Calculate the remainder when 34 is divided by r.
10
Let z(q) = -q**3 + 2*q**2 + 4*q + 3. Suppose 4 = 3*o + 10. Calculate the remainder when 20 is divided by z(o).
9
Let y(f) = -f. What is the remainder when 21 is divided by y(-8)?
5
Let h(x) = 10*x + 6. What is the remainder when h(2) is divided by 14?
12
Let t = -1 - -3. Suppose -p = -c - 56, -p = -c + t*c - 58. What is the remainder when p is divided by (3/(-8))/(5/10)*-20?
12
Let j = 8 - 180. What is the remainder when 4/6 - j/12 is divided by 8?
7
Let z(g) = -4*g**2 + 2*g + g**3 + 13*g**2 + 10 + 6*g. Suppose 12 - 19 = j. What is the remainder when z(j) is divided by 18?
16
Let h(w) = -6*w - 9. Calculate the remainder when 5 is divided by h(-2).
2
Suppose 4*y - 2*y + 41 = s, 4*s - 3*y = 184. What is the remainder when s is divided by 13?
10
Let c = 4 + -4. Suppose c = -5*a + 65 - 5. Calculate the remainder when 34 is divided by a.
10
Let k(w) = -w + 2. Let u be k(6). Let v = 8 + u. Let o(d) = 3*d**3 - d**2 + 1. What is the remainder when v is divided by o(1)?
1
Suppose 0*z = -2*z + 28. Suppose -3*b = -f, b - 3*f = -4*f. What is the remainder when 42 - (b + 1)/1 is divided by z?
13
Suppose -171 = -3*g - 27. Calculate the remainder when g is divided by 10.
8
What is the remainder when 29 is divided by (-23)/(-4) - (-3)/12?
5
Suppose 2*i - 68 = -2*i. Let p = -4 + i. Let v(a) = 2*a**2 - a + 2. Calculate the remainder when v(-4) is divided by p.
12
Suppose -8*u + 2*u + 156 = 0. Calculate the remainder when u is divided by (2 + 0 - 16)/(-1).
12
Let k = -33 - -47. What is the remainder when k is divided by 5?
4
Suppose 45 = 3*s + 2*s. Suppose -3*x + 33 = s. Calculate the remainder when 22 is divided by x.
6
Suppose 0*d = 2*l + d, 0 = l + 4*d. Suppose 2*m - m - 13 = l. Calculate the remainder when 25 is divided by m.
12
Suppose 84 = -3*w - 4*p, -3*w - 2*w - 105 = -5*p. What is the remainder when -2 - w - (0 - -1) is divided by 6?
3
Let k = 3 + 24. What is the remainder when 132 is divided by k?
24
Let q(p) = p**2 - 2*p + 6. Calculate the remainder when 9 is divided by q(0).
3
Let y = 94 - 7. Calculate the remainder when y is divided by 23.
18
Let c = 14 - -4. Calculate the remainder when (-99)/12*(0 + -4) is divided by c.
15
Suppose 3*c - 21 = -2*y - y, -5*y = -25. What is the remainder when 2 is divided by c?
0
Let z be 4/6 - (-8)/(-3). Let b = -3 - 6. Let n = z - b. Calculate the remainder when 26 is divided by n.
5
Suppose -2*v + 31 = 3*g, -v = -3*g + 17 + 17. Let m(d) = d**3 + 5*d**2 + 2*d - 5. Let j be m(-4). What is the remainder when (-2)/j*114/(-4) is divided by g?
8
Suppose -4*u + 19 = -121. Suppose -3*s + 25 = -u. What is the remainder when 79 is divided by s?
19
Suppose 3*x = -o + 11, 0 = -2*o + 3*x - 1 - 4. Calculate the remainder when 5 is divided by o.
1
Suppose -5*l - 5*m + 3*m + 275 = 0, -3*l + m + 165 = 0. Suppose 4*p + l = 9*p. What is the remainder when 42 is divided by p?
9
Let b(v) be the third derivative of 5/12*v**4 + 2*v**2 + 1/3*v**3 + 0*v + 0 - 1/120*v**6 + 1/10*v**5. What is the remainder when b(7) is divided by 8?
7
Let b be (2/(-2))/(3 - 4). Let z(x) = -51*x**3 - x**2 + 1. Let q be z(b). Let o = -32 - q. What is the remainder when o is divided by 7?
5
Let q be -2*(-4)/(-1 - -2). Let h(j) = 5*j - 8. Calculate the remainder when h(q) is divided by 17.
15
Suppose 0 = -3*v + 24 + 234. What is the remainder when v is divided by 22?
20
Let j = 193 + -135. Suppose -g + o = -24, -5*g = 4*o - 73 - 65. Let b = j - g. What is the remainder when b is divided by 11?
10
Let n(b) = -2*b**3 - 5*b**2 + 4*b + 6. Let g = 12 - 5. Suppose 3 = x - g. What is the remainder when n(-4) is divided by x?
8
Let s(n) = n**3 + 6*n**2 - 8*n - 4. Let a be ((-3)/6)/(5/(-50)). Suppose 0 = 4*d - 4, a*c + 0*d - 6 = -d. What is the remainder when s(-7) is divided by c?
0
Suppose -21 = 5*x - 76. What is the remainder when (-86)/(2*(-3)/3) is divided by x?
10
Suppose -2*o - 5*s = 8, 0*o + 4*s = -3*o - 5. Suppose -5 = -m - o. What is the remainder when 58/6 + 1/3 is divided by m?
2
Suppose 25 = 105*k - 104*k. What is the remainder when 94 is divided by k?
19
Let d = 8 + 10. Calculate the remainder when 35 is divided by d.
17
Let n = -11 + 20. What is the remainder when 52 is divided by n?
7
Let h = -3 - -11. Suppose -10 = -3*w + 2. Suppose -a + 3 - 8 = -3*t, 0 = w*a - 16. Calculate the remainder when h is divided by t.
2
Calculate the remainder when ((-58)/(-8))/(1/12) is divided by 30.
27
Let c be 246*((-16)/6 + 3). Suppose -2*p - 2*n = -62, -5*p + 3*n + c = -105. Let v = p - -23. What is the remainder when v is divided by 20?
18
Suppose -5*r + 33 = -27. Let y = -20 + 27. Calculate the remainder when r is divided by y.
5
Let s be (-43)/(-5 + 2 - 